 + (-376)/(-7). Calculate the highest common factor of t and i.
27
Suppose -26 = -3*o - 5*h, -4*o + 2*h + 93 = -3*h. Let a = -7 - -5. Let d be o/2 + (-1)/a. What is the greatest common divisor of 9 and d?
9
Let f be (-145)/(-7) - 2/(-7). Calculate the greatest common factor of 189 and f.
21
Let j(u) = -u**3 + 7*u**2 + 7*u - 6. Let i be (3 - (-1 + -1))*-1. Let b = 1 - i. Let q be j(b). What is the highest common divisor of 8 and q?
8
Let r(g) = 6*g**2 + 3*g - 4. Let o be r(-4). Calculate the greatest common factor of o and 32.
16
Suppose -2*a - 2*h + 64 = 0, 2*a - h = 22 + 36. What is the greatest common divisor of 10 and a?
10
Let x = 121 - 61. Let z = -18 - -33. What is the highest common divisor of x and z?
15
Suppose o = -5*i - 2*o, -2*o - 1 = 3*i. Suppose 2*s = -i*f + 182, f - 346 = -4*s + 4*f. What is the greatest common factor of 8 and s?
8
Suppose 0 = 6*v - 956 + 116. What is the greatest common factor of v and 35?
35
Let v be (0 + -6)*(-1)/2. Suppose 3*a + 35 = 5*f, v = 2*f - 3*a + 4*a. What is the greatest common factor of 36 and f?
4
Suppose 5*t + 40 = 5*c, 2*c + 61 = 7*c + 2*t. What is the greatest common factor of 77 and c?
11
Suppose 2*w = 2*c - 16 - 26, 99 = 4*c + w. What is the highest common divisor of 96 and c?
24
Let s = -9 + 34. What is the greatest common factor of s and 5?
5
Suppose -2*t = -58 - 68. Suppose 0 = 2*d - t + 15. Calculate the highest common divisor of 12 and d.
12
Suppose s = -s + 14. Calculate the highest common factor of s and 49.
7
Let l = -16 + 20. Calculate the highest common divisor of l and 2.
2
Let z(g) = -g**3 + 9*g**2 + 10*g + 7. Let j be z(10). What is the highest common divisor of j and 35?
7
Let t = 0 - 0. Let a(y) = -y**3 + y**2 - y + 8. Let p be a(t). Let c(n) = 39*n**3 + 2*n**2 - 1. Let l be c(1). What is the highest common divisor of p and l?
8
Suppose -3*z = 2*n - 434, 0 = 5*z - 2*n + n - 719. What is the highest common divisor of z and 18?
18
Let c(p) = -10*p**3 - p**2 - p - 1. Let k be c(-1). Let o(b) = b**2 + 9*b + 11. Let j be o(-13). What is the highest common factor of k and j?
9
Suppose -58 = 4*c - 618. What is the highest common factor of 28 and c?
28
Suppose 0 = 4*g - 8*g + 280. What is the highest common factor of 28 and g?
14
Suppose -141 = -4*d + 35. What is the greatest common divisor of 11 and d?
11
Let y(g) = -g**2 + 14*g - 3. Let c be y(13). What is the highest common divisor of 15 and c?
5
Let t be (-1)/5 - 46/(-5). Suppose -3*r = t - 30. Let k(v) = v**2 - 9*v - 1. Let z be k(11). What is the greatest common factor of z and r?
7
Let c = -28 - -32. Let v(u) = -2*u - 2. Let w be v(-4). Calculate the highest common divisor of w and c.
2
Suppose 0 = 3*s + u - 46, 2*s + 2*u = 16 + 16. Let o be 4 - 1152/(-28) - (-1)/(-7). What is the greatest common divisor of s and o?
15
Let s = 716 - 456. What is the highest common divisor of s and 20?
20
Let v(d) = 1. Let m(t) = -70*t + 5. Let r(j) = -m(j) + 4*v(j). Let q be r(3). Calculate the highest common divisor of q and 19.
19
Let p(z) = -z**3 - 6*z**2 - 5*z + 2. Let a be p(-5). Let l be 1 - (-3 + a - 212). Let b = l + -124. Calculate the highest common divisor of 9 and b.
9
Let p = 41 - 16. Suppose h = p + 11. What is the highest common divisor of 18 and h?
18
Let h be 6/(-15) + 24/10. Suppose l = -g + 52, -2*l - 7*g = -h*g - 104. Let q = -19 + 32. What is the greatest common factor of q and l?
13
Let f = -2 + 3. Suppose 2*o = -f + 5. Let c = 8 - 0. What is the highest common factor of c and o?
2
Let k = 169 + -50. Calculate the greatest common divisor of 17 and k.
17
Let y be 4/(-18) + 472/18. Suppose 2*b = 3*t - 193, -5*t + 375 - 47 = 3*b. What is the greatest common factor of y and t?
13
Let r = -9 - -11. Suppose -7*d + r*d = -175. Let w be (-74)/(-14) + 4/(-14). What is the greatest common divisor of d and w?
5
Let g be ((-30)/(-2))/5 + 67. What is the greatest common divisor of 14 and g?
14
Let c = 26 - -18. What is the highest common divisor of c and 66?
22
Suppose 2*d - 609 = -3*z - d, 817 = 4*z + 5*d. What is the greatest common factor of 22 and z?
22
Let y be (-1 + 9/6)*2. Let g be (-36)/(-21)*7*y. Calculate the highest common factor of g and 8.
4
Suppose 5*j - j - 112 = 0. Let d = -68 - j. Let h be (2/(-4))/(2/d). What is the highest common factor of h and 60?
12
Let x = 11 + -19. Let s be (-164)/x - (-2)/(-4). Calculate the highest common divisor of s and 20.
20
Suppose -4*s + 6*s - 96 = 0. Calculate the greatest common factor of s and 16.
16
Suppose -4*m + 2036 = 4*b, -5*b - 257 + 2832 = -5*m. Let x be b/36 + 2/(-9). Let d = -11 + 13. Calculate the greatest common factor of x and d.
2
Let j be (105/(-45))/((-1)/3). What is the greatest common factor of 63 and j?
7
Let v be 5/(4/12 - 0). Suppose -s = 5*o - 75, -4*o = 3*s - 117 - 108. What is the highest common factor of v and s?
15
Let i be 40/(-8) + 9*1. What is the highest common divisor of 12 and i?
4
Suppose -4*f - 1 - 3 = 2*b, 5*b - 5*f = 35. Suppose -4*k + 50 = 2*q, 0 = 2*k - 3*q - 25 - b. Calculate the highest common factor of 104 and k.
13
Let i = 23 - 33. Let t = -14 - i. Let k be 7 + (-3)/(6/t). What is the greatest common factor of k and 72?
9
Let y = 26 + -15. Let v = 419 + -138. Suppose -3*t + 167 = -r - 0, -3*r = -5*t + v. What is the highest common divisor of t and y?
11
Let m be 20/4*-2*1. Let l = 6 - m. Let o(g) = -g**2 + 7*g - 2. Let h be o(6). What is the greatest common factor of h and l?
4
Let v be 772/24 - (-4)/(-24). Calculate the greatest common factor of v and 4.
4
Let y = 33 - 17. Let u = -10 + y. Calculate the greatest common factor of 24 and u.
6
Suppose 412 = 6*k + 82. What is the greatest common factor of k and 11?
11
Let o(q) be the second derivative of 0 + 2/3*q**3 + q**2 + 1/4*q**4 - 1/20*q**5 - 4*q. Let y be o(-2). What is the highest common divisor of y and 112?
14
Suppose 6*m - 3*m + 5*w = 47, 0 = -4*m + 4*w + 52. Calculate the greatest common factor of 154 and m.
14
Let g(n) = -n**3 + 12*n**2 - 20*n + 12. Let z be g(10). Calculate the highest common factor of 3 and z.
3
Suppose 0*n - 192 = -4*n. Suppose 0 = -q + 3 + 3. Calculate the highest common divisor of q and n.
6
Let u(v) = -3*v + 6. Let l be u(-5). Let q be (144/l)/((-3)/(-42)). What is the highest common factor of q and 12?
12
Let l = 7 - 4. Suppose h + 3*p + 329 = 3*h, -l*h = -3*p - 489. Suppose -2*o - 2*o = -h. Calculate the greatest common divisor of 10 and o.
10
Let g(o) = -6*o**2. Let i be g(1). Let c be 2*2/i*-45. Let d = 27 + -17. What is the highest common factor of d and c?
10
Let a be 1008/22 - 2/(-11). Suppose -m - 4*l + a = l, -l - 79 = -4*m. What is the greatest common divisor of 189 and m?
21
Suppose 7 = 2*p - 3. Suppose p*a = 2*x + 16 + 2, -6 = -2*x - a. Suppose -4 - x = -5*l. What is the highest common factor of l and 11?
1
Let u(y) = -5*y - 8. Let h be u(-4). What is the highest common divisor of h and 12?
12
Suppose -3*l - l = -g - 8, -17 = l - 5*g. Calculate the greatest common divisor of 6 and l.
3
Let q(t) = -14*t**3 - 2*t**2 - 2*t + 2. Let l be q(-2). Let v = -32 - -51. Let x = -9 + v. What is the highest common divisor of l and x?
10
Suppose -2*s + 8 = -4*q - 14, -3*s - 3 = 3*q. Suppose 39 = p - 5*f - 45, s*f - 108 = -p. Calculate the greatest common divisor of p and 9.
9
Suppose -3*o + 0*o = 6. Let s = o - -20. What is the highest common divisor of 162 and s?
18
Suppose -3*u + 4*u - 2*a - 12 = 0, -4*u + 87 = 5*a. Calculate the highest common divisor of 27 and u.
9
Suppose 0 = -6*w + 7*w + 11. Let i = w + 27. Suppose -3*q - i = -64. What is the greatest common divisor of q and 48?
16
Suppose 0 = -0*p - 5*p + 135. What is the highest common factor of p and 243?
27
Suppose 0 = -3*t - 2*t + 15, 5*m + 4*t = 257. Suppose q = m - 1. Let i = 22 - 10. Calculate the highest common divisor of q and i.
12
Let f(z) = z**3 - 7*z**2 + 7*z - 3. Let c be f(6). Suppose -i = -0*i - c. Calculate the greatest common divisor of i and 21.
3
Let a(z) = -13*z + 40. Let m(g) = 4*g - 13. Let w(c) = 2*a(c) + 7*m(c). Let n be w(10). Calculate the highest common divisor of n and 81.
9
Suppose -5*n + 0*n = -5. Let g be (-4)/(-8)*12*n. Let y be (-2 + 3)*47 + 1. What is the highest common divisor of y and g?
6
Let u be 4/6 - 10/15. Suppose u = -2*w - 2*w + 40. Calculate the greatest comm